 of 21394545?
2
What is the thousands digit of 7775071?
5
What is the hundred thousands digit of 800892?
8
What is the ten thousands digit of 7909840?
0
What is the tens digit of 9171021?
2
What is the ten thousands digit of 5727399?
2
What is the thousands digit of 502311?
2
What is the hundred thousands digit of 228225?
2
What is the tens digit of 862856?
5
What is the tens digit of 3609456?
5
What is the thousands digit of 109832?
9
What is the ten thousands digit of 132651?
3
What is the units digit of 1324661?
1
What is the thousands digit of 7233381?
3
What is the tens digit of 11961396?
9
What is the millions digit of 6363899?
6
What is the ten thousands digit of 1565291?
6
What is the ten thousands digit of 708985?
0
What is the thousands digit of 1344771?
4
What is the hundreds digit of 1674728?
7
What is the hundreds digit of 9820006?
0
What is the ten thousands digit of 169096?
6
What is the tens digit of 3031286?
8
What is the hundreds digit of 24028383?
3
What is the tens digit of 4579635?
3
What is the units digit of 941375?
5
What is the thousands digit of 1947665?
7
What is the hundreds digit of 78683?
6
What is the tens digit of 127936?
3
What is the ten thousands digit of 4197873?
9
What is the units digit of 390771?
1
What is the tens digit of 271795?
9
What is the tens digit of 2674599?
9
What is the millions digit of 22595716?
2
What is the hundred thousands digit of 4535516?
5
What is the tens digit of 207318?
1
What is the millions digit of 9427774?
9
What is the millions digit of 19304586?
9
What is the thousands digit of 3143283?
3
What is the hundred thousands digit of 1055403?
0
What is the hundred thousands digit of 2679316?
6
What is the thousands digit of 331742?
1
What is the millions digit of 8137062?
8
What is the tens digit of 667493?
9
What is the units digit of 18967331?
1
What is the thousands digit of 1338832?
8
What is the ten thousands digit of 263576?
6
What is the hundred thousands digit of 523157?
5
What is the tens digit of 835856?
5
What is the ten thousands digit of 218629?
1
What is the thousands digit of 4235677?
5
What is the hundred thousands digit of 191251?
1
What is the millions digit of 4085140?
4
What is the ten thousands digit of 482995?
8
What is the hundreds digit of 168715?
7
What is the ten thousands digit of 13171081?
7
What is the hundreds digit of 25959?
9
What is the ten thousands digit of 442321?
4
What is the ten thousands digit of 530388?
3
What is the hundreds digit of 2323579?
5
What is the thousands digit of 12295418?
5
What is the millions digit of 1259233?
1
What is the tens digit of 263445?
4
What is the ten thousands digit of 4555342?
5
What is the tens digit of 1717009?
0
What is the tens digit of 643083?
8
What is the hundred thousands digit of 2082887?
0
What is the hundred thousands digit of 301870?
3
What is the tens digit of 20567796?
9
What is the units digit of 1569732?
2
What is the hundreds digit of 4694860?
8
What is the hundreds digit of 12865274?
2
What is the units digit of 608501?
1
What is the hundreds digit of 213457?
4
What is the ten thousands digit of 2657479?
5
What is the hundreds digit of 313246?
2
What is the thousands digit of 141085?
1
What is the ten thousands digit of 6196188?
9
What is the hundreds digit of 267633?
6
What is the ten thousands digit of 327452?
2
What is the ten millions digit of 15580579?
1
What is the ten thousands digit of 12097874?
9
What is the units digit of 641697?
7
What is the ten thousands digit of 21905119?
0
What is the ten thousands digit of 7201286?
0
What is the ten millions digit of 11230728?
1
What is the hundreds digit of 1632850?
8
What is the tens digit of 5206580?
8
What is the hundred thousands digit of 723662?
7
What is the thousands digit of 236162?
6
What is the hundreds digit of 29868984?
9
What is the units digit of 659427?
7
What is the millions digit of 5958154?
5
What is the tens digit of 2039446?
4
What is the thousands digit of 657111?
7
What is the units digit of 445031?
1
What is the millions digit of 29914296?
9
What is the units digit of 721314?
4
What is the hundred thousands digit of 1867506?
8
What is the tens digit of 123533?
3
What is the hundreds digit of 18244868?
8
What is the units digit of 656279?
9
What is the tens digit of 1379367?
6
What is the units digit of 242257?
7
What is the thousands digit of 10529490?
9
What is the tens digit of 76594?
9
What is the units digit of 6610822?
2
What is the units digit of 5484187?
7
What is the units digit of 16140983?
3
What is the thousands digit of 1929614?
9
What is the tens digit of 8189589?
8
What is the millions digit of 18391529?
8
What is the ten thousands digit of 4799292?
9
What is the thousands digit of 43094?
3
What is the hundred thousands digit of 1032710?
0
What is the units digit of 1776330?
0
What is the hundred thousands digit of 31928450?
9
What is the hundred thousands digit of 356265?
3
What is the ten thousands digit of 16627354?
2
What is the tens digit of 1812038?
3
What is the thousands digit of 16149881?
9
What is the ten thousands digit of 2481802?
8
What is the ten thousands digit of 8735907?
3
What is the ten thousands digit of 229505?
2
What is the ten thousands digit of 1466856?
6
What is the thousands digit of 1450105?
0
What is the tens digit of 7368?
6
What is the hundreds digit of 140550?
5
What is the ten thousands digit of 437290?
3
What is the hundred thousands digit of 219134?
2
What is the hundred thousands digit of 948265?
9
What is the ten thousands digit of 100190?
0
What is the hundreds digit of 1037904?
9
What is the hundred thousands digit of 2952304?
9
What is the ten thousands digit of 1527905?
2
What is the thousands digit of 179493?
9
What is the ten thousands digit of 291413?
9
What is the hundred thousands digit of 5144351?
1
What is the ten thousands digit of 425765?
2
What is the ten thousands digit of 222472?
2
What is the hundred thousands digit of 782470?
7
What is the hundred thousands digit of 400718?
4
What is the hundreds digit of 48776?
7
What is the hundreds digit of 65517?
5
What is the hundred thousands digit of 956222?
9
What is the tens digit of 3832254?
5
What is the units digit of 3588793?
3
What is the ten thousands digit of 78914?
7
What is the hundreds digit of 661439?
4
What is the hundred thousands digit of 267567?
2
What is the units digit of 677751?
1
What is the millions digit of 20811162?
0
What is the tens digit of 1150142?
4
What is the ten thousands digit of 2175305?
7
What is the thousands digit of 269146?
9
What is the thousands digit of 980883?
0
What is the hundreds digit of 138650?
6
What is the tens digit of 137963?
6
What is the tens digit of 1575709?
0
What is the hundred thousands digit of 543553?
5
What is the tens digit of 185104?
0
What is the ten thousands digit of 474240?
7
What is the hundreds digit of 10422813?
8
What is the thousands digit of 245407?
5
What is the ten thousands digit of 709369?
0
What is the millions digit of 3152471?
3
What is the ten thousands digit of 63510?
6
What is the units digit of 1970215?
5
What is the hundred thousands digit of 692236?
6
What is the units digit of 96312?
2
What is the tens digit of 10594790?
9
What is the millions digit of 35863749?
5
What is the hundred thousands digit of 4173528?
1
What is the hundred thousands digit of 167054?
1
What is the hundred thousands digit of 522385?
5
What is the tens digit of 1309237?
3
What is the thousands digit of 3001130?
1
What is the hundreds digit of 31295263?
2
What is the hundred thousands digit of 4494701?
4
What is the hundreds digit of 1011185?
1
What is the tens digit of 203776?
7
What is the hundreds digit of 4525402?
4
What is the millions digit of 1510686?
1
What is the units digit of 1647251?
1
What is the thousands digit of 2657074?
7
What is the ten thousands digit of 247261?
4
What is the hundred thousands digit of 823671?
8
What is the ten thousands digit of 33439783?
3
What is the units digit of 931501?
1
What is the tens digit of 7618246?
4
What is the hundreds digit of 536467?
4
What is the ten thousands digit of 120824?
2
What is the hundreds digit of 993008?
0
What is the hundreds digit of 1179894?
8
What is the ten millions digit of 4009404